10*o = 5*o - 225. Let w be x(o). What is the greatest common divisor of w and 52?
26
Let w = 3831 - 2671. Suppose -53*c = -61*c + w. Calculate the greatest common divisor of 58 and c.
29
Let p be 4 + (3 + 331 - 2). Suppose 3*c + p = 6*c. Suppose c = -0*w + 4*w. What is the highest common divisor of w and 42?
14
Suppose -735*r = -7916 - 3844. Let c(v) = -25*v - 6. Let n be c(-6). What is the greatest common factor of n and r?
16
Let x = -992 + 6500. What is the greatest common divisor of x and 48?
12
Suppose 6*l + 20 = 7*l. Let n be (0 - 1757/(-35)) + (-1)/5. Suppose -n*u = -49*u - l. Calculate the greatest common divisor of u and 100.
20
Let j be (-5 - -3)*-2 + (-6364)/(-4). Calculate the greatest common factor of 22 and j.
11
Let y = 7116 + -5196. What is the highest common divisor of 210 and y?
30
Let s be (10 - (-2 - 2)) + -2. Suppose -2*i = -s*i + 50. Suppose -5*l - 2*h - 27 + 44 = 0, 0 = 4*l + 2*h - 12. What is the highest common divisor of l and i?
5
Suppose -107*x + 211716 = -25053 - 173683. What is the greatest common factor of 2 and x?
2
Suppose -217128 = -26*b - 57*b. What is the highest common factor of 24 and b?
24
Let t(f) = 28*f**2 - 33*f + 33. Let r be t(1). Suppose 3*n = -0*n + 252. What is the highest common factor of r and n?
28
Let w(h) = -277*h + 55. Let p be w(3). Let f = p - -845. What is the highest common factor of 161 and f?
23
Let b be (528556/2195)/((-29)/15 + 2). What is the highest common factor of 56 and b?
28
Suppose 24*k - 26*k = 4, 2*f - 128 = 4*k. What is the greatest common factor of f and 5964?
12
Let w be 9 - -4 - 135/(-15). What is the greatest common factor of 3267 and w?
11
Let v(t) = -2*t**2 + t**2 + 3*t**2 + 0*t**2 + 50*t - 28 - 125*t. Let n be v(38). Suppose 6*k = k + 75. What is the greatest common factor of n and k?
5
Let r = -878 + 888. Suppose 0 = -q + 3*q - 680. Suppose -v = -3*v + q. What is the highest common divisor of r and v?
10
Let s(t) = -5 - 1 + 3*t + 4 - 1. Let w be s(7). Suppose -3*x + 2*x + 12 = 0. What is the highest common divisor of x and w?
6
Let y be (2/12 - 0) + 15/((-1350)/(-535035)). Calculate the greatest common factor of y and 410.
205
Suppose -5 = 4*c + 11, 3*q - 518 = 5*c. What is the greatest common factor of q and 10541?
83
Let i(w) = w**3 + 29*w**2 + 3*w + 112. Let g be i(-29). Let u be g/(-10) - (-906)/4. What is the highest common factor of u and 84?
28
Let o = 150 + -60. Let a(d) = -d**3 - 23*d**2 - 62*d - 4. Let s be a(-20). What is the highest common divisor of s and o?
18
Suppose 6*c - 4*c - j - 12 = 0, 18 = 3*c - j. Suppose c*m + 30 = -0. Let a be m + 1 - (1 - 22). Calculate the highest common divisor of 153 and a.
17
Let q be (1888/(-10))/((8 - (-420)/(-50))/13). Calculate the highest common factor of 208 and q.
104
Suppose -541 = -12*n + 611. Let b be -5 + 5 + (-12)/(-3). Suppose -2*m + 5*y = -29, 0 = b*m + 3*y - 2*y - 47. Calculate the greatest common factor of n and m.
12
Let g be 18/81 + (-86)/(-18). Suppose -j + a = -6*j + 124, 2*j + g*a - 45 = 0. Suppose 7*l - 54*l + 235 = 0. What is the highest common factor of j and l?
5
Let a(o) = -508*o - 3953. Let i be a(-10). Calculate the greatest common divisor of 637 and i.
49
Let q = -4166 + 4167. What is the greatest common factor of q and 227?
1
Suppose -7*j + 4*j + 327 = 0. Let q = 61 + j. Let t = 460 - q. Calculate the greatest common divisor of t and 10.
10
Suppose 0*i + 2*i = -5*x, 5*i - 5*x - 35 = 0. Suppose 0 = 4*w + i*r - 1900, 2*r = -3*w + 4*r + 1448. What is the highest common divisor of w and 32?
32
Let s(f) = -6*f + 44. Let t be s(7). Suppose 0*d - t = -4*d - 3*o, -5*o - 4 = 3*d. Calculate the highest common factor of 8 and d.
2
Suppose 0 = -l + 1 - 2. Let p be -55*3/(l + -2). Let u(t) = 3*t**2 - 51*t + 238. Let v be u(9). What is the greatest common divisor of p and v?
11
Suppose 3*q - 19*t = -17*t + 3086, -5*t = -2*q + 2083. Calculate the highest common factor of 10496 and q.
256
Let w be (2/3)/(1/126). Suppose 421*a - 1992 = 89*a. Calculate the highest common factor of w and a.
6
Let t = 151 - 97. Let z = t + -50. Suppose 21 = 4*x + 3*i, 5*i + 3 = -2*x - z. Calculate the greatest common factor of x and 63.
9
Suppose 444 = 4*b + 2*k, -4*b + 328*k = 323*k - 458. Calculate the highest common divisor of b and 1204.
28
Let s = 7 - 13. Let n(u) = u**2 + 44*u - 91. Let f be n(-45). Let k be 8/24 + f/s. Calculate the highest common divisor of k and 1.
1
Let b = 16 + -4. Suppose 12*t + 4*j = 9*t + 7, 28 = 2*t - 2*j. Let r = b - t. What is the highest common factor of r and 15?
3
Let h be (-4)/(-6) + (-2310)/(-99). Let n be (396/(-154))/(12/(-448)). What is the highest common factor of h and n?
24
Suppose 2*s = 32 - 146. Let f = -63 - s. Let a be 3*60/(-27)*f. What is the greatest common factor of 10 and a?
10
Suppose -5*l + w + 31025 - 5347 = 0, -5*l + 4*w + 25702 = 0. What is the highest common divisor of 153 and l?
17
Suppose 28*g - 29*g = -4*z + 7557, -2*z = -5*g - 3747. Calculate the greatest common factor of 183 and z.
61
Suppose 2*m - 5*d = -159, -4*m = m + 3*d + 320. Let g = 30 + -64. Let h = g - m. Calculate the highest common divisor of 297 and h.
33
Suppose 0 = -4*t - 275*j + 273*j + 128, -2*t + 4*j = -44. What is the highest common factor of 15 and t?
15
Suppose -144*x - 11010 = -511*x. Calculate the highest common divisor of 2850 and x.
30
Let u(v) = v**2 + 8*v + 8. Let i be u(-12). Let c(o) = 3*o**2 - 178*o + 143. Let h be c(59). Calculate the highest common factor of i and h.
28
Suppose 15*r + 142 - 46 = 17*r. What is the highest common factor of 8256 and r?
48
Let a(r) = -5*r**2 + 344*r + 71. Let d be a(69). What is the highest common divisor of 877 and d?
1
Let w be 260/6*(-1368)/(-380). Let u be 79859/w - 1/(-12). Calculate the highest common divisor of 8 and u.
8
Suppose 77*x - 80*x = 9. Let a be (4/x)/((-3)/9). Calculate the greatest common factor of a and 30.
2
Let f = -24198 - -24251. What is the highest common factor of f and 4876?
53
Suppose -140*y + 408 = -106*y. Suppose -3*n - 77 = -m, -3*m + 0*m - 4*n + 244 = 0. What is the highest common factor of y and m?
4
Let t(h) = 2*h**3 - h**2 - 3. Let v(j) = 64*j + 58*j - 130*j + 34. Let d be v(4). Let a be t(d). Calculate the greatest common factor of a and 63.
9
Suppose -5*y = 5*q - 10655, 2*y + 162 - 4420 = 2*q. What is the greatest common factor of y and 60?
30
Let g be 2*-41 - (19 - 21). Let a = g - -93. Let y be a/4*(-1 + 45). What is the highest common factor of y and 13?
13
Let t be ((-105 - -55) + 51)*(6/2 + 1). Calculate the greatest common divisor of 383 and t.
1
Suppose -66*d + 147825 + 359055 = 0. What is the greatest common factor of d and 180?
60
Let v = -17792 - -17966. What is the greatest common factor of v and 1856?
58
Suppose -30 = -5*i, 45*r - 5*i = 40*r + 170. Let b(z) = 3*z**2 - 6*z + 6. Let v be b(4). Calculate the highest common factor of v and r.
10
Let a(l) = 31 - 24 - 88*l - 30. Let q be a(-11). Suppose 0*w - q = -7*w. What is the highest common factor of w and 15?
15
Suppose -67 = -5*n + 58. Suppose -13*h = 14 + n. Let u be (69 + h)*(-38)/(-6). Calculate the highest common divisor of u and 38.
38
Let a be 6/9 + (-20)/(-6). Let f be a/(-6) - ((-4220)/30 - 5). Suppose 0 = -3*v + 28 + 59. Calculate the greatest common divisor of f and v.
29
Let j be (-36)/(-12) - (0 - -1). Suppose j*r = d + 5*r - 5, 0 = r. Let u = 497 - 495. What is the highest common factor of d and u?
1
Let q(h) = 11*h - 101. Let a be q(8). Let r(t) = t**3 + 12*t**2 - 14*t + 30. Let p be r(a). Let l = 26 - -60. Calculate the highest common divisor of p and l.
43
Suppose 10*l - 7*l = 0. Let x(k) = 4 + k**3 - 5*k**2 + l + k**3 + k**2. Let u be x(2). Calculate the highest common factor of u and 32.
4
Let y(a) = -2*a**2 + 9*a - 7. Let j be y(7). Let v = -42 - j. Let h(l) = -l**2 + l + 26. Let b be h(v). Calculate the highest common divisor of 208 and b.
26
Let x be ((-248)/(-2) + 2)*1. Suppose -14*r + 252 - 182 = 0. Suppose -r*f + 190 = -5*d, 2*f + d - 69 - 19 = 0. What is the greatest common factor of f and x?
42
Suppose 0 = -4*n - z + 29, 3*n + 4*z + 14 - 39 = 0. Let g(v) = 0 + 3*v - 6 + 1. Let p be g(n). What is the greatest common factor of p and 56?
8
Suppose s = 22 - 1. Let z be (-56)/9 + (-58)/(-261). Let d(k) = -k**3 - 7*k**2 - 3*k + 32.